{"id":9372,"date":"2023-08-22T19:12:28","date_gmt":"2023-08-22T19:12:28","guid":{"rendered":"https:\/\/minidat.de\/?page_id=9372"},"modified":"2024-02-20T18:28:43","modified_gmt":"2024-02-20T18:28:43","slug":"datenschutzrichtlinie-eqtrace-click-mobile","status":"publish","type":"page","link":"https:\/\/minidat.de\/?page_id=9372","title":{"rendered":"Datenschutzrichtlinie KeyPad Mobile"},"content":{"rendered":"\t\t<div data-elementor-type=\"wp-page\" data-elementor-id=\"9372\" class=\"elementor elementor-9372\" data-elementor-post-type=\"page\">\n\t\t\t\t\t\t<section class=\"elementor-section elementor-top-section elementor-element elementor-element-7cc6c881 elementor-section-height-min-height elementor-section-content-middle elementor-section-boxed elementor-section-height-default elementor-section-items-middle\" data-id=\"7cc6c881\" data-element_type=\"section\" data-settings=\"{&quot;background_background&quot;:&quot;gradient&quot;}\">\n\t\t\t\t\t\t<div class=\"elementor-container elementor-column-gap-no\">\n\t\t\t\t\t<div class=\"elementor-column elementor-col-50 elementor-top-column elementor-element elementor-element-471348f7\" data-id=\"471348f7\" data-element_type=\"column\">\n\t\t\t<div class=\"elementor-widget-wrap elementor-element-populated\">\n\t\t\t\t\t\t<div class=\"elementor-element elementor-element-73259a43 elementor-widget elementor-widget-image\" data-id=\"73259a43\" data-element_type=\"widget\" data-widget_type=\"image.default\">\n\t\t\t\t<div class=\"elementor-widget-container\">\n\t\t\t\t\t\t\t\t\t\t\t\t\t\t\t<img decoding=\"async\" width=\"150\" height=\"61\" src=\"https:\/\/minidat.de\/wp-content\/uploads\/Roesler_Logo_weisserHintergrund.png\" class=\"attachment-thumbnail size-thumbnail wp-image-8139\" alt=\"\" \/>\t\t\t\t\t\t\t\t\t\t\t\t\t\t\t<\/div>\n\t\t\t\t<\/div>\n\t\t\t\t\t<\/div>\n\t\t<\/div>\n\t\t\t\t<div class=\"elementor-column elementor-col-50 elementor-top-column elementor-element elementor-element-2f824766\" data-id=\"2f824766\" data-element_type=\"column\">\n\t\t\t<div class=\"elementor-widget-wrap elementor-element-populated\">\n\t\t\t\t\t\t<div class=\"elementor-element elementor-element-7d287a8e cpel-switcher--align-right cpel-switcher--layout-horizontal cpel-switcher--aspect-ratio-43 elementor-widget elementor-widget-polylang-language-switcher\" data-id=\"7d287a8e\" data-element_type=\"widget\" data-widget_type=\"polylang-language-switcher.default\">\n\t\t\t\t<div class=\"elementor-widget-container\">\n\t\t\t\t\t<nav class=\"cpel-switcher__nav\"><ul class=\"cpel-switcher__list\"><li class=\"cpel-switcher__lang\"><a lang=\"de-DE\" hreflang=\"de-DE\" href=\"https:\/\/minidat.de\/?page_id=9372\"><span class=\"cpel-switcher__flag cpel-switcher__flag--de\"><img decoding=\"async\" src=\"data:image\/svg+xml;base64,PHN2ZyB3aWR0aD0iMjEiIGhlaWdodD0iMTUiIHhtbG5zPSJodHRwOi8vd3d3LnczLm9yZy8yMDAwL3N2ZyI+PGRlZnM+PGxpbmVhckdyYWRpZW50IHgxPSI1MCUiIHkxPSIwJSIgeDI9IjUwJSIgeTI9IjEwMCUiIGlkPSJhIj48c3RvcCBzdG9wLWNvbG9yPSIjRkZGIiBvZmZzZXQ9IjAlIi8+PHN0b3Agc3RvcC1jb2xvcj0iI0YwRjBGMCIgb2Zmc2V0PSIxMDAlIi8+PC9saW5lYXJHcmFkaWVudD48bGluZWFyR3JhZGllbnQgeDE9IjUwJSIgeTE9IjAlIiB4Mj0iNTAlIiB5Mj0iMTAwJSIgaWQ9ImIiPjxzdG9wIHN0b3AtY29sb3I9IiMyNjI2MjYiIG9mZnNldD0iMCUiLz48c3RvcCBzdG9wLWNvbG9yPSIjMEQwRDBEIiBvZmZzZXQ9IjEwMCUiLz48L2xpbmVhckdyYWRpZW50PjxsaW5lYXJHcmFkaWVudCB4MT0iNTAlIiB5MT0iMCUiIHgyPSI1MCUiIHkyPSIxMDAlIiBpZD0iYyI+PHN0b3Agc3RvcC1jb2xvcj0iI0YwMTUxNSIgb2Zmc2V0PSIwJSIvPjxzdG9wIHN0b3AtY29sb3I9IiNERTAwMDAiIG9mZnNldD0iMTAwJSIvPjwvbGluZWFyR3JhZGllbnQ+PGxpbmVhckdyYWRpZW50IHgxPSI1MCUiIHkxPSIwJSIgeDI9IjUwJSIgeTI9IjEwMCUiIGlkPSJkIj48c3RvcCBzdG9wLWNvbG9yPSIjRkZENTIxIiBvZmZzZXQ9IjAlIi8+PHN0b3Agc3RvcC1jb2xvcj0iI0ZGQ0YwMCIgb2Zmc2V0PSIxMDAlIi8+PC9saW5lYXJHcmFkaWVudD48L2RlZnM+PGcgZmlsbD0ibm9uZSIgZmlsbC1ydWxlPSJldmVub2RkIj48cGF0aCBmaWxsPSJ1cmwoI2EpIiBkPSJNMCAwaDIxdjE1SDB6Ii8+PHBhdGggZmlsbD0idXJsKCNiKSIgZD0iTTAgMGgyMXY1SDB6Ii8+PHBhdGggZmlsbD0idXJsKCNjKSIgZD0iTTAgNWgyMXY1SDB6Ii8+PHBhdGggZmlsbD0idXJsKCNkKSIgZD0iTTAgMTBoMjF2NUgweiIvPjwvZz48L3N2Zz4=\" alt=\"Deutsch\" \/><\/span><\/a><\/li><li class=\"cpel-switcher__lang\"><a lang=\"en-GB\" hreflang=\"en-GB\" href=\"https:\/\/minidat.de\/?page_id=9646&#038;lang=en\"><span class=\"cpel-switcher__flag cpel-switcher__flag--gb\"><img decoding=\"async\" src=\"data:image\/svg+xml;base64,PHN2ZyB3aWR0aD0iMjEiIGhlaWdodD0iMTUiIHhtbG5zPSJodHRwOi8vd3d3LnczLm9yZy8yMDAwL3N2ZyI+PGRlZnM+PGxpbmVhckdyYWRpZW50IHgxPSI1MCUiIHkxPSIwJSIgeDI9IjUwJSIgeTI9IjEwMCUiIGlkPSJhIj48c3RvcCBzdG9wLWNvbG9yPSIjRkZGIiBvZmZzZXQ9IjAlIi8+PHN0b3Agc3RvcC1jb2xvcj0iI0YwRjBGMCIgb2Zmc2V0PSIxMDAlIi8+PC9saW5lYXJHcmFkaWVudD48bGluZWFyR3JhZGllbnQgeDE9IjUwJSIgeTE9IjAlIiB4Mj0iNTAlIiB5Mj0iMTAwJSIgaWQ9ImIiPjxzdG9wIHN0b3AtY29sb3I9IiMwQTE3QTciIG9mZnNldD0iMCUiLz48c3RvcCBzdG9wLWNvbG9yPSIjMDMwRTg4IiBvZmZzZXQ9IjEwMCUiLz48L2xpbmVhckdyYWRpZW50PjxsaW5lYXJHcmFkaWVudCB4MT0iNTAlIiB5MT0iMCUiIHgyPSI1MCUiIHkyPSIxMDAlIiBpZD0iYyI+PHN0b3Agc3RvcC1jb2xvcj0iI0U2MjczRSIgb2Zmc2V0PSIwJSIvPjxzdG9wIHN0b3AtY29sb3I9IiNDRjE1MkIiIG9mZnNldD0iMTAwJSIvPjwvbGluZWFyR3JhZGllbnQ+PC9kZWZzPjxnIGZpbGw9Im5vbmUiIGZpbGwtcnVsZT0iZXZlbm9kZCI+PHBhdGggZmlsbD0idXJsKCNhKSIgZD0iTTAgMGgyMXYxNUgweiIvPjxwYXRoIGZpbGw9InVybCgjYikiIGQ9Ik0tLjAwMiAwaDIxdjE1aC0yMXoiLz48cGF0aCBkPSJNNS4wMDMgMTBILS4wMDJWNWg1LjAwNUwtMi4wODIuMjJsMS4xMTgtMS42NTcgOC45NjIgNi4wNDVWLTFoNXY1LjYwOGw4Ljk2Mi02LjA0NUwyMy4wNzguMjIgMTUuOTkzIDVoNS4wMDV2NWgtNS4wMDVsNy4wODUgNC43OC0xLjExOCAxLjY1Ny04Ljk2Mi02LjA0NVYxNmgtNXYtNS42MDhsLTguOTYyIDYuMDQ1LTEuMTE4LTEuNjU4TDUuMDAzIDEweiIgZmlsbD0idXJsKCNhKSIvPjxwYXRoIGQ9Ik0xNC4xMzYgNC45NThsOS41LTYuMjVhLjI1LjI1IDAgMDAtLjI3NS0uNDE3bC05LjUgNi4yNWEuMjUuMjUgMCAxMC4yNzUuNDE3em0uNzMyIDUuNTIybDguNTE1IDUuNzRhLjI1LjI1IDAgMTAuMjgtLjQxNWwtOC41MTYtNS43NGEuMjUuMjUgMCAwMC0uMjc5LjQxNXpNNi4xNDIgNC41MjZMLTIuNzQtMS40NjFhLjI1LjI1IDAgMDAtLjI4LjQxNUw1Ljg2MyA0Ljk0YS4yNS4yNSAwIDAwLjI3OS0uNDE0em0uNjg1IDUuNDY5bC05Ljg0NSA2LjUzYS4yNS4yNSAwIDEwLjI3Ni40MTZsOS44NDYtNi41MjlhLjI1LjI1IDAgMDAtLjI3Ny0uNDE3eiIgZmlsbD0iI0RCMUYzNSIgZmlsbC1ydWxlPSJub256ZXJvIi8+PHBhdGggZmlsbD0idXJsKCNjKSIgZD0iTS0uMDAyIDloOXY2aDNWOWg5VjZoLTlWMGgtM3Y2aC05eiIvPjwvZz48L3N2Zz4=\" alt=\"English\" \/><\/span><\/a><\/li><\/ul><\/nav>\t\t\t\t<\/div>\n\t\t\t\t<\/div>\n\t\t\t\t<section class=\"elementor-section elementor-inner-section elementor-element elementor-element-24acc905 elementor-hidden-phone elementor-section-boxed elementor-section-height-default elementor-section-height-default\" data-id=\"24acc905\" data-element_type=\"section\">\n\t\t\t\t\t\t<div class=\"elementor-container elementor-column-gap-default\">\n\t\t\t\t\t<div class=\"elementor-column elementor-col-50 elementor-inner-column elementor-element elementor-element-1d310980\" data-id=\"1d310980\" data-element_type=\"column\">\n\t\t\t<div class=\"elementor-widget-wrap elementor-element-populated\">\n\t\t\t\t\t\t<div class=\"elementor-element elementor-element-7584281e elementor-position-inline-start elementor-view-default elementor-mobile-position-block-start elementor-widget elementor-widget-icon-box\" data-id=\"7584281e\" data-element_type=\"widget\" data-widget_type=\"icon-box.default\">\n\t\t\t\t<div class=\"elementor-widget-container\">\n\t\t\t\t\t\t\t<div class=\"elementor-icon-box-wrapper\">\n\n\t\t\t\t\t\t<div class=\"elementor-icon-box-icon\">\n\t\t\t\t<span  class=\"elementor-icon\">\n\t\t\t\t<i aria-hidden=\"true\" class=\"fas fa-phone-alt\"><\/i>\t\t\t\t<\/span>\n\t\t\t<\/div>\n\t\t\t\n\t\t\t\t\t\t<div class=\"elementor-icon-box-content\">\n\n\t\t\t\t\t\t\t\t\t<h3 class=\"elementor-icon-box-title\">\n\t\t\t\t\t\t<span  >\n\t\t\t\t\t\t\t+49 (0) 421 \/ 80 22 70-0\t\t\t\t\t\t<\/span>\n\t\t\t\t\t<\/h3>\n\t\t\t\t\n\t\t\t\t\t\t\t\t\t<p class=\"elementor-icon-box-description\">\n\t\t\t\t\t\tService &amp; Beratung\t\t\t\t\t<\/p>\n\t\t\t\t\n\t\t\t<\/div>\n\t\t\t\n\t\t<\/div>\n\t\t\t\t\t\t<\/div>\n\t\t\t\t<\/div>\n\t\t\t\t\t<\/div>\n\t\t<\/div>\n\t\t\t\t<div class=\"elementor-column elementor-col-50 elementor-inner-column elementor-element elementor-element-6c58a4e6\" data-id=\"6c58a4e6\" data-element_type=\"column\">\n\t\t\t<div class=\"elementor-widget-wrap elementor-element-populated\">\n\t\t\t\t\t\t<div class=\"elementor-element elementor-element-7ee48985 elementor-position-inline-start elementor-view-default elementor-mobile-position-block-start elementor-widget elementor-widget-icon-box\" data-id=\"7ee48985\" data-element_type=\"widget\" data-widget_type=\"icon-box.default\">\n\t\t\t\t<div class=\"elementor-widget-container\">\n\t\t\t\t\t\t\t<div class=\"elementor-icon-box-wrapper\">\n\n\t\t\t\t\t\t<div class=\"elementor-icon-box-icon\">\n\t\t\t\t<span  class=\"elementor-icon\">\n\t\t\t\t<i aria-hidden=\"true\" class=\"far fa-clock\"><\/i>\t\t\t\t<\/span>\n\t\t\t<\/div>\n\t\t\t\n\t\t\t\t\t\t<div class=\"elementor-icon-box-content\">\n\n\t\t\t\t\t\t\t\t\t<h3 class=\"elementor-icon-box-title\">\n\t\t\t\t\t\t<span  >\n\t\t\t\t\t\t\tMo - Fr: 8:00 - 17:30\t\t\t\t\t\t<\/span>\n\t\t\t\t\t<\/h3>\n\t\t\t\t\n\t\t\t\t\n\t\t\t<\/div>\n\t\t\t\n\t\t<\/div>\n\t\t\t\t\t\t<\/div>\n\t\t\t\t<\/div>\n\t\t\t\t\t<\/div>\n\t\t<\/div>\n\t\t\t\t\t<\/div>\n\t\t<\/section>\n\t\t\t\t\t<\/div>\n\t\t<\/div>\n\t\t\t\t\t<\/div>\n\t\t<\/section>\n\t\t\t\t<nav class=\"elementor-section elementor-top-section elementor-element elementor-element-7c3b7338 elementor-section-content-middle elementor-section-full_width elementor-section-height-default elementor-section-height-default\" data-id=\"7c3b7338\" data-element_type=\"section\" data-settings=\"{&quot;background_background&quot;:&quot;classic&quot;}\">\n\t\t\t\t\t\t<div class=\"elementor-container elementor-column-gap-no\">\n\t\t\t\t\t<div class=\"elementor-column elementor-col-66 elementor-top-column elementor-element elementor-element-2dfc944d\" data-id=\"2dfc944d\" data-element_type=\"column\">\n\t\t\t<div class=\"elementor-widget-wrap elementor-element-populated\">\n\t\t\t\t\t\t<div class=\"elementor-element elementor-element-19e56270 elementor-nav-menu--stretch elementor-nav-menu--dropdown-mobile elementor-nav-menu__text-align-aside elementor-nav-menu--toggle elementor-nav-menu--burger elementor-widget elementor-widget-nav-menu\" data-id=\"19e56270\" data-element_type=\"widget\" data-settings=\"{&quot;full_width&quot;:&quot;stretch&quot;,&quot;layout&quot;:&quot;vertical&quot;,&quot;submenu_icon&quot;:{&quot;value&quot;:&quot;&lt;i class=\\&quot;fas fa-caret-down\\&quot; aria-hidden=\\&quot;true\\&quot;&gt;&lt;\\\/i&gt;&quot;,&quot;library&quot;:&quot;fa-solid&quot;},&quot;toggle&quot;:&quot;burger&quot;}\" data-widget_type=\"nav-menu.default\">\n\t\t\t\t<div class=\"elementor-widget-container\">\n\t\t\t\t\t\t\t\t<nav aria-label=\"Men\u00fc\" class=\"elementor-nav-menu--main elementor-nav-menu__container elementor-nav-menu--layout-vertical e--pointer-background e--animation-fade\">\n\t\t\t\t<ul id=\"menu-1-19e56270\" class=\"elementor-nav-menu sm-vertical\"><li class=\"menu-item menu-item-type-post_type menu-item-object-page menu-item-home menu-item-7627\"><a href=\"https:\/\/minidat.de\/\" class=\"elementor-item\">Startseite<\/a><\/li>\n<li class=\"menu-item menu-item-type-post_type menu-item-object-page menu-item-has-children menu-item-6899\"><a href=\"https:\/\/minidat.de\/?page_id=6846\" class=\"elementor-item\">LTE-GPS-Tracker<\/a>\n<ul class=\"sub-menu elementor-nav-menu--dropdown\">\n\t<li class=\"menu-item menu-item-type-post_type menu-item-object-page menu-item-8815\"><a href=\"https:\/\/minidat.de\/?page_id=6707\" class=\"elementor-sub-item\">EQTrace V+<\/a><\/li>\n\t<li class=\"menu-item menu-item-type-post_type menu-item-object-page menu-item-6713\"><a href=\"https:\/\/minidat.de\/?page_id=6705\" class=\"elementor-sub-item\">EQTrace OPT+<\/a><\/li>\n\t<li class=\"menu-item menu-item-type-post_type menu-item-object-page menu-item-6714\"><a href=\"https:\/\/minidat.de\/?page_id=6701\" class=\"elementor-sub-item\">EQTrace click<\/a><\/li>\n<\/ul>\n<\/li>\n<li class=\"menu-item menu-item-type-post_type menu-item-object-page menu-item-has-children menu-item-6898\"><a href=\"https:\/\/minidat.de\/?page_id=6864\" class=\"elementor-item\">WLAN-Tracker<\/a>\n<ul class=\"sub-menu elementor-nav-menu--dropdown\">\n\t<li class=\"menu-item menu-item-type-post_type menu-item-object-page menu-item-6718\"><a href=\"https:\/\/minidat.de\/?page_id=6709\" class=\"elementor-sub-item\">EQTrace md<\/a><\/li>\n\t<li class=\"menu-item menu-item-type-post_type menu-item-object-page menu-item-6717\"><a href=\"https:\/\/minidat.de\/?page_id=6711\" class=\"elementor-sub-item\">EQTrace key WLAN<\/a><\/li>\n<\/ul>\n<\/li>\n<li class=\"menu-item menu-item-type-post_type menu-item-object-page menu-item-9785\"><a href=\"https:\/\/minidat.de\/?page_id=9666\" class=\"elementor-item\">Produktvergleich<\/a><\/li>\n<li class=\"menu-item menu-item-type-post_type menu-item-object-page menu-item-6678\"><a href=\"https:\/\/minidat.de\/?page_id=6461\" class=\"elementor-item\">Mietl\u00f6sungen<\/a><\/li>\n<li class=\"menu-item menu-item-type-post_type menu-item-object-page menu-item-7138\"><a href=\"https:\/\/minidat.de\/?page_id=6976\" class=\"elementor-item\">Downloads<\/a><\/li>\n<li class=\"menu-item menu-item-type-custom menu-item-object-custom menu-item-has-children menu-item-8150\"><a class=\"elementor-item\">\u00dcber uns<\/a>\n<ul class=\"sub-menu elementor-nav-menu--dropdown\">\n\t<li class=\"menu-item menu-item-type-post_type menu-item-object-page menu-item-6975\"><a href=\"https:\/\/minidat.de\/?page_id=6912\" class=\"elementor-sub-item\">\u00dcber R\u00f6sler<\/a><\/li>\n\t<li class=\"menu-item menu-item-type-post_type menu-item-object-page menu-item-6973\"><a href=\"https:\/\/minidat.de\/?page_id=6924\" class=\"elementor-sub-item\">Presse<\/a><\/li>\n\t<li class=\"menu-item menu-item-type-post_type menu-item-object-page menu-item-6972\"><a href=\"https:\/\/minidat.de\/?page_id=6930\" class=\"elementor-sub-item\">Newsletter<\/a><\/li>\n\t<li class=\"menu-item menu-item-type-post_type menu-item-object-page menu-item-6967\"><a href=\"https:\/\/minidat.de\/?page_id=6961\" class=\"elementor-sub-item\">Partner<\/a><\/li>\n<\/ul>\n<\/li>\n<li class=\"menu-item menu-item-type-custom menu-item-object-custom menu-item-8373\"><a href=\"https:\/\/www.minidat.biz\" class=\"elementor-item\">Shop<\/a><\/li>\n<\/ul>\t\t\t<\/nav>\n\t\t\t\t\t<div class=\"elementor-menu-toggle\" role=\"button\" tabindex=\"0\" aria-label=\"Men\u00fc Umschalter\" aria-expanded=\"false\">\n\t\t\t<i aria-hidden=\"true\" role=\"presentation\" class=\"elementor-menu-toggle__icon--open eicon-menu-bar\"><\/i><i aria-hidden=\"true\" role=\"presentation\" class=\"elementor-menu-toggle__icon--close eicon-close\"><\/i>\t\t<\/div>\n\t\t\t\t\t<nav class=\"elementor-nav-menu--dropdown elementor-nav-menu__container\" aria-hidden=\"true\">\n\t\t\t\t<ul id=\"menu-2-19e56270\" class=\"elementor-nav-menu sm-vertical\"><li class=\"menu-item menu-item-type-post_type menu-item-object-page menu-item-home menu-item-7627\"><a href=\"https:\/\/minidat.de\/\" class=\"elementor-item\" tabindex=\"-1\">Startseite<\/a><\/li>\n<li class=\"menu-item menu-item-type-post_type menu-item-object-page menu-item-has-children menu-item-6899\"><a href=\"https:\/\/minidat.de\/?page_id=6846\" class=\"elementor-item\" tabindex=\"-1\">LTE-GPS-Tracker<\/a>\n<ul class=\"sub-menu elementor-nav-menu--dropdown\">\n\t<li class=\"menu-item menu-item-type-post_type menu-item-object-page menu-item-8815\"><a href=\"https:\/\/minidat.de\/?page_id=6707\" class=\"elementor-sub-item\" tabindex=\"-1\">EQTrace V+<\/a><\/li>\n\t<li class=\"menu-item menu-item-type-post_type menu-item-object-page menu-item-6713\"><a href=\"https:\/\/minidat.de\/?page_id=6705\" class=\"elementor-sub-item\" tabindex=\"-1\">EQTrace OPT+<\/a><\/li>\n\t<li class=\"menu-item menu-item-type-post_type menu-item-object-page menu-item-6714\"><a href=\"https:\/\/minidat.de\/?page_id=6701\" class=\"elementor-sub-item\" tabindex=\"-1\">EQTrace click<\/a><\/li>\n<\/ul>\n<\/li>\n<li class=\"menu-item menu-item-type-post_type menu-item-object-page menu-item-has-children menu-item-6898\"><a href=\"https:\/\/minidat.de\/?page_id=6864\" class=\"elementor-item\" tabindex=\"-1\">WLAN-Tracker<\/a>\n<ul class=\"sub-menu elementor-nav-menu--dropdown\">\n\t<li class=\"menu-item menu-item-type-post_type menu-item-object-page menu-item-6718\"><a href=\"https:\/\/minidat.de\/?page_id=6709\" class=\"elementor-sub-item\" tabindex=\"-1\">EQTrace md<\/a><\/li>\n\t<li class=\"menu-item menu-item-type-post_type menu-item-object-page menu-item-6717\"><a href=\"https:\/\/minidat.de\/?page_id=6711\" class=\"elementor-sub-item\" tabindex=\"-1\">EQTrace key WLAN<\/a><\/li>\n<\/ul>\n<\/li>\n<li class=\"menu-item menu-item-type-post_type menu-item-object-page menu-item-9785\"><a href=\"https:\/\/minidat.de\/?page_id=9666\" class=\"elementor-item\" tabindex=\"-1\">Produktvergleich<\/a><\/li>\n<li class=\"menu-item menu-item-type-post_type menu-item-object-page menu-item-6678\"><a href=\"https:\/\/minidat.de\/?page_id=6461\" class=\"elementor-item\" tabindex=\"-1\">Mietl\u00f6sungen<\/a><\/li>\n<li class=\"menu-item menu-item-type-post_type menu-item-object-page menu-item-7138\"><a href=\"https:\/\/minidat.de\/?page_id=6976\" class=\"elementor-item\" tabindex=\"-1\">Downloads<\/a><\/li>\n<li class=\"menu-item menu-item-type-custom menu-item-object-custom menu-item-has-children menu-item-8150\"><a class=\"elementor-item\" tabindex=\"-1\">\u00dcber uns<\/a>\n<ul class=\"sub-menu elementor-nav-menu--dropdown\">\n\t<li class=\"menu-item menu-item-type-post_type menu-item-object-page menu-item-6975\"><a href=\"https:\/\/minidat.de\/?page_id=6912\" class=\"elementor-sub-item\" tabindex=\"-1\">\u00dcber R\u00f6sler<\/a><\/li>\n\t<li class=\"menu-item menu-item-type-post_type menu-item-object-page menu-item-6973\"><a href=\"https:\/\/minidat.de\/?page_id=6924\" class=\"elementor-sub-item\" tabindex=\"-1\">Presse<\/a><\/li>\n\t<li class=\"menu-item menu-item-type-post_type menu-item-object-page menu-item-6972\"><a href=\"https:\/\/minidat.de\/?page_id=6930\" class=\"elementor-sub-item\" tabindex=\"-1\">Newsletter<\/a><\/li>\n\t<li class=\"menu-item menu-item-type-post_type menu-item-object-page menu-item-6967\"><a href=\"https:\/\/minidat.de\/?page_id=6961\" class=\"elementor-sub-item\" tabindex=\"-1\">Partner<\/a><\/li>\n<\/ul>\n<\/li>\n<li class=\"menu-item menu-item-type-custom menu-item-object-custom menu-item-8373\"><a href=\"https:\/\/www.minidat.biz\" class=\"elementor-item\" tabindex=\"-1\">Shop<\/a><\/li>\n<\/ul>\t\t\t<\/nav>\n\t\t\t\t\t\t<\/div>\n\t\t\t\t<\/div>\n\t\t\t\t\t<\/div>\n\t\t<\/div>\n\t\t\t\t<div class=\"elementor-column elementor-col-33 elementor-top-column elementor-element elementor-element-20364aa0\" data-id=\"20364aa0\" data-element_type=\"column\">\n\t\t\t<div class=\"elementor-widget-wrap elementor-element-populated\">\n\t\t\t\t\t\t<div class=\"elementor-element elementor-element-18690daf elementor-widget elementor-widget-image\" data-id=\"18690daf\" data-element_type=\"widget\" data-widget_type=\"image.default\">\n\t\t\t\t<div class=\"elementor-widget-container\">\n\t\t\t\t\t\t\t\t\t\t\t\t\t\t\t<img fetchpriority=\"high\" decoding=\"async\" width=\"1024\" height=\"729\" src=\"https:\/\/minidat.de\/wp-content\/uploads\/Menuebild_neu-1024x729.png\" class=\"attachment-large size-large wp-image-10034\" alt=\"\" srcset=\"https:\/\/minidat.de\/wp-content\/uploads\/Menuebild_neu-1024x729.png 1024w, https:\/\/minidat.de\/wp-content\/uploads\/Menuebild_neu-300x213.png 300w, https:\/\/minidat.de\/wp-content\/uploads\/Menuebild_neu-768x547.png 768w, https:\/\/minidat.de\/wp-content\/uploads\/Menuebild_neu-1536x1093.png 1536w, https:\/\/minidat.de\/wp-content\/uploads\/Menuebild_neu-2048x1457.png 2048w\" sizes=\"(max-width: 1024px) 100vw, 1024px\" \/>\t\t\t\t\t\t\t\t\t\t\t\t\t\t\t<\/div>\n\t\t\t\t<\/div>\n\t\t\t\t\t<\/div>\n\t\t<\/div>\n\t\t\t\t\t<\/div>\n\t\t<\/nav>\n\t\t\t\t<section class=\"elementor-section elementor-top-section elementor-element elementor-element-200963c elementor-section-boxed elementor-section-height-default elementor-section-height-default\" data-id=\"200963c\" data-element_type=\"section\">\n\t\t\t\t\t\t<div class=\"elementor-container elementor-column-gap-default\">\n\t\t\t\t\t<div class=\"elementor-column elementor-col-100 elementor-top-column elementor-element elementor-element-ce88067\" data-id=\"ce88067\" data-element_type=\"column\">\n\t\t\t<div class=\"elementor-widget-wrap elementor-element-populated\">\n\t\t\t\t\t\t<div class=\"elementor-element elementor-element-4249507 elementor-widget elementor-widget-spacer\" data-id=\"4249507\" data-element_type=\"widget\" data-widget_type=\"spacer.default\">\n\t\t\t\t<div class=\"elementor-widget-container\">\n\t\t\t\t\t\t\t<div class=\"elementor-spacer\">\n\t\t\t<div class=\"elementor-spacer-inner\"><\/div>\n\t\t<\/div>\n\t\t\t\t\t\t<\/div>\n\t\t\t\t<\/div>\n\t\t\t\t<div class=\"elementor-element elementor-element-5504542 elementor-widget elementor-widget-heading\" data-id=\"5504542\" data-element_type=\"widget\" data-widget_type=\"heading.default\">\n\t\t\t\t<div class=\"elementor-widget-container\">\n\t\t\t\t\t<h2 class=\"elementor-heading-title elementor-size-default\">Datenschutzrichtlinie KeyPad Mobile<\/h2>\t\t\t\t<\/div>\n\t\t\t\t<\/div>\n\t\t\t\t<div class=\"elementor-element elementor-element-faab599 elementor-widget elementor-widget-text-editor\" data-id=\"faab599\" data-element_type=\"widget\" data-widget_type=\"text-editor.default\">\n\t\t\t\t<div class=\"elementor-widget-container\">\n\t\t\t\t\t\t\t\t\t<div class=\"textLayer\"><p>Der Schutz Ihrer personenbezogenen Daten ist der R\u00f6sler Software-Technik Entwicklungs- und Vertriebs GmbH (nachfolgend: &#8222;R\u00d6SLER&#8220;) ein besonders wichtiges Anliegen. Mit diesen Datenschutzbestimmungen m\u00f6chten wir Sie dar\u00fcber informieren, wie R\u00d6SLER Ihre personenbezogenen Daten verarbeitet. Diese Hinweise k\u00f6nnen Sie jederzeit auf der Website <a href=\"http:\/\/www.minidat.de\">www.miniDaT.de<\/a> unter dem Link &#8222;<a href=\"https:\/\/minidat.de\/?page_id=94\">Datenschutz<\/a>&#8220; abrufen und ausdrucken. <br \/>F\u00fcr die Benutzung von KeyPad Mobile werden von R\u00d6SLER keine personenbezogenen Daten erhoben. Der zur Nutzung der Maschine \/ des Fahrzeugs ben\u00f6tigte PIN-Code ist maschinenbezogen und wird vom Nutzer des Obserwando Portals (<a href=\"http:\/\/www.obserwando.de\">https:\/\/obserwando.de\/<\/a>) mit den im Portal vorhandenen Daten verkn\u00fcpft.<br \/><br \/><br \/><\/p><\/div><p class=\"annotationLayer\">\u00a0<\/p>\t\t\t\t\t\t\t\t<\/div>\n\t\t\t\t<\/div>\n\t\t\t\t\t<\/div>\n\t\t<\/div>\n\t\t\t\t\t<\/div>\n\t\t<\/section>\n\t\t\t\t<\/div>\n\t\t","protected":false},"excerpt":{"rendered":"<p>+49 (0) 421 \/ 80 22 70-0 Service &#038; Beratung Mo &#8211; Fr: 8:00 &#8211; 17:30 Datenschutzrichtlinie KeyPad Mobile Der Schutz Ihrer personenbezogenen Daten ist der R\u00f6sler Software-Technik Entwicklungs- und Vertriebs GmbH (nachfolgend: &#8222;R\u00d6SLER&#8220;) ein besonders wichtiges Anliegen. Mit diesen Datenschutzbestimmungen m\u00f6chten wir Sie dar\u00fcber informieren, wie R\u00d6SLER Ihre personenbezogenen Daten verarbeitet. Diese Hinweise k\u00f6nnen [&hellip;]<\/p>\n","protected":false},"author":2,"featured_media":0,"parent":0,"menu_order":0,"comment_status":"closed","ping_status":"closed","template":"","meta":{"ocean_post_layout":"","ocean_both_sidebars_style":"","ocean_both_sidebars_content_width":0,"ocean_both_sidebars_sidebars_width":0,"ocean_sidebar":"0","ocean_second_sidebar":"0","ocean_disable_margins":"enable","ocean_add_body_class":"","ocean_shortcode_before_top_bar":"","ocean_shortcode_after_top_bar":"","ocean_shortcode_before_header":"","ocean_shortcode_after_header":"","ocean_has_shortcode":"","ocean_shortcode_after_title":"","ocean_shortcode_before_footer_widgets":"","ocean_shortcode_after_footer_widgets":"","ocean_shortcode_before_footer_bottom":"","ocean_shortcode_after_footer_bottom":"","ocean_display_top_bar":"default","ocean_display_header":"default","ocean_header_style":"","ocean_center_header_left_menu":"0","ocean_custom_header_template":"0","ocean_custom_logo":0,"ocean_custom_retina_logo":0,"ocean_custom_logo_max_width":0,"ocean_custom_logo_tablet_max_width":0,"ocean_custom_logo_mobile_max_width":0,"ocean_custom_logo_max_height":0,"ocean_custom_logo_tablet_max_height":0,"ocean_custom_logo_mobile_max_height":0,"ocean_header_custom_menu":"0","ocean_menu_typo_font_family":"0","ocean_menu_typo_font_subset":"","ocean_menu_typo_font_size":0,"ocean_menu_typo_font_size_tablet":0,"ocean_menu_typo_font_size_mobile":0,"ocean_menu_typo_font_size_unit":"px","ocean_menu_typo_font_weight":"","ocean_menu_typo_font_weight_tablet":"","ocean_menu_typo_font_weight_mobile":"","ocean_menu_typo_transform":"","ocean_menu_typo_transform_tablet":"","ocean_menu_typo_transform_mobile":"","ocean_menu_typo_line_height":0,"ocean_menu_typo_line_height_tablet":0,"ocean_menu_typo_line_height_mobile":0,"ocean_menu_typo_line_height_unit":"","ocean_menu_typo_spacing":0,"ocean_menu_typo_spacing_tablet":0,"ocean_menu_typo_spacing_mobile":0,"ocean_menu_typo_spacing_unit":"","ocean_menu_link_color":"","ocean_menu_link_color_hover":"","ocean_menu_link_color_active":"","ocean_menu_link_background":"","ocean_menu_link_hover_background":"","ocean_menu_link_active_background":"","ocean_menu_social_links_bg":"","ocean_menu_social_hover_links_bg":"","ocean_menu_social_links_color":"","ocean_menu_social_hover_links_color":"","ocean_disable_title":"on","ocean_disable_heading":"default","ocean_post_title":"","ocean_post_subheading":"","ocean_post_title_style":"","ocean_post_title_background_color":"","ocean_post_title_background":0,"ocean_post_title_bg_image_position":"","ocean_post_title_bg_image_attachment":"","ocean_post_title_bg_image_repeat":"","ocean_post_title_bg_image_size":"","ocean_post_title_height":0,"ocean_post_title_bg_overlay":0.5,"ocean_post_title_bg_overlay_color":"","ocean_disable_breadcrumbs":"default","ocean_breadcrumbs_color":"","ocean_breadcrumbs_separator_color":"","ocean_breadcrumbs_links_color":"","ocean_breadcrumbs_links_hover_color":"","ocean_display_footer_widgets":"default","ocean_display_footer_bottom":"default","ocean_custom_footer_template":"0","footnotes":""},"class_list":["post-9372","page","type-page","status-publish","hentry","entry"],"_links":{"self":[{"href":"https:\/\/minidat.de\/index.php?rest_route=\/wp\/v2\/pages\/9372","targetHints":{"allow":["GET"]}}],"collection":[{"href":"https:\/\/minidat.de\/index.php?rest_route=\/wp\/v2\/pages"}],"about":[{"href":"https:\/\/minidat.de\/index.php?rest_route=\/wp\/v2\/types\/page"}],"author":[{"embeddable":true,"href":"https:\/\/minidat.de\/index.php?rest_route=\/wp\/v2\/users\/2"}],"replies":[{"embeddable":true,"href":"https:\/\/minidat.de\/index.php?rest_route=%2Fwp%2Fv2%2Fcomments&post=9372"}],"version-history":[{"count":16,"href":"https:\/\/minidat.de\/index.php?rest_route=\/wp\/v2\/pages\/9372\/revisions"}],"predecessor-version":[{"id":11112,"href":"https:\/\/minidat.de\/index.php?rest_route=\/wp\/v2\/pages\/9372\/revisions\/11112"}],"wp:attachment":[{"href":"https:\/\/minidat.de\/index.php?rest_route=%2Fwp%2Fv2%2Fmedia&parent=9372"}],"curies":[{"name":"wp","href":"https:\/\/api.w.org\/{rel}","templated":true}]}}